{"id":58,"date":"2015-02-28T14:12:47","date_gmt":"2015-02-28T13:12:47","guid":{"rendered":"http:\/\/lecznica.gdynia.pl\/?page_id=58"},"modified":"2015-03-01T17:22:07","modified_gmt":"2015-03-01T16:22:07","slug":"rehabilitacja","status":"publish","type":"page","link":"https:\/\/lecznica.gdynia.pl\/?page_id=58","title":{"rendered":"Rehabilitacja"},"content":{"rendered":"<p><img decoding=\"async\" loading=\"lazy\" class=\"aligncenter size-full wp-image-315\" src=\"https:\/\/lecznica.gdynia.pl\/wp-content\/uploads\/2015\/02\/Rehabilitacja_Baner.jpg\" alt=\"Rehabilitacja_Baner\" width=\"748\" height=\"179\" srcset=\"https:\/\/lecznica.gdynia.pl\/wp-content\/uploads\/2015\/02\/Rehabilitacja_Baner.jpg 748w, https:\/\/lecznica.gdynia.pl\/wp-content\/uploads\/2015\/02\/Rehabilitacja_Baner-300x72.jpg 300w, https:\/\/lecznica.gdynia.pl\/wp-content\/uploads\/2015\/02\/Rehabilitacja_Baner-150x36.jpg 150w\" sizes=\"(max-width: 748px) 100vw, 748px\" \/><\/p>\n<p><strong>Pole Magnetyczne<br \/>\n<\/strong><\/p>\n<p>&nbsp;<\/p>\n<p><img decoding=\"async\" loading=\"lazy\" class=\"alignnone size-full wp-image-398\" src=\"https:\/\/lecznica.gdynia.pl\/wp-content\/uploads\/2015\/02\/Magnetoterapia.jpg\" alt=\"Magnetoterapia\" width=\"150\" height=\"150\" srcset=\"https:\/\/lecznica.gdynia.pl\/wp-content\/uploads\/2015\/02\/Magnetoterapia.jpg 150w, https:\/\/lecznica.gdynia.pl\/wp-content\/uploads\/2015\/02\/Magnetoterapia-50x50.jpg 50w\" sizes=\"(max-width: 150px) 100vw, 150px\" \/><\/p>\n<p><strong>Magnetoterapia<\/strong> to skuteczna metoda leczenia pulsuj\u0105cym polem magnetycznym niskiej cz\u0119stotliwo\u015bci, znalaz\u0142a ju\u017c zastosowanie w kilkunastu dzia\u0142ach medycyny, m.in. w ortopedii, reumatologii oraz chorobach wewn\u0119trznych. W przeciwie\u0144stwie do metod konwencjonalnych fizykoterapii, umo\u017cliwia ona g\u0142\u0119bokie, a nie wy\u0142\u0105cznie powierzchniowe oddzia\u0142ywanie na organizm.\u00a0 Terapia polem magnetycznym jest bezpieczna i mo\u017ce stanowi\u0107 samodzieln\u0105 metod\u0119 lub mie\u0107 istotne znaczenie w procesie kompleksowego leczenia.<\/p>\n<p>&nbsp;<\/p>\n<hr \/>\n<p>&nbsp;<\/p>\n<p><strong>Laseroterapia<\/strong><\/p>\n<p><img decoding=\"async\" loading=\"lazy\" class=\"alignnone size-full wp-image-397\" src=\"https:\/\/lecznica.gdynia.pl\/wp-content\/uploads\/2015\/02\/Laseroterapia.jpg\" alt=\"Laseroterapia\" width=\"150\" height=\"150\" srcset=\"https:\/\/lecznica.gdynia.pl\/wp-content\/uploads\/2015\/02\/Laseroterapia.jpg 150w, https:\/\/lecznica.gdynia.pl\/wp-content\/uploads\/2015\/02\/Laseroterapia-50x50.jpg 50w\" sizes=\"(max-width: 150px) 100vw, 150px\" \/><\/p>\n<p>Laser wykorzystuje si\u0119 do biostymulacji, normalizacji i regeneracji b\u0142on kom\u00f3rkowych tkanki kostnej i tkanek mi\u0119kkich.<br \/>\nPobudza organizm do wytwarzania substancji przeciwb\u00f3lowych oraz przyspiesza gojenie si\u0119 ran.<\/p>\n<p>&nbsp;<\/p>\n<hr \/>\n<p>&nbsp;<\/p>\n<p><strong>Ultrad\u017awi\u0119ki<\/strong><\/p>\n<p><img decoding=\"async\" loading=\"lazy\" class=\"alignnone size-full wp-image-399\" src=\"https:\/\/lecznica.gdynia.pl\/wp-content\/uploads\/2015\/02\/Ultradzwieki.jpg\" alt=\"Ultradzwieki\" width=\"150\" height=\"150\" srcset=\"https:\/\/lecznica.gdynia.pl\/wp-content\/uploads\/2015\/02\/Ultradzwieki.jpg 150w, https:\/\/lecznica.gdynia.pl\/wp-content\/uploads\/2015\/02\/Ultradzwieki-50x50.jpg 50w\" sizes=\"(max-width: 150px) 100vw, 150px\" \/><\/p>\n<p>Jest to zabieg polegaj\u0105cy na oddzia\u0142ywaniu ultrad\u017awi\u0119kami na ods\u0142oni\u0119t\u0105 sk\u00f3r\u0119 chorej okolicy.<br \/>\nUltrad\u017awi\u0119ki wytwarzane s\u0105 przez specjaln\u0105 g\u0142owic\u0119 i przekazywane tkankom w celu wywo\u0142ania w nich dzia\u0142ania cieplnego, mechanicznego i fizykochemicznego. Dzi\u0119ki zastosowaniu tej metody w tkankach powstaje mikromasa\u017c.<\/p>\n<p>Og\u00f3lne dzia\u0142anie mikrod\u017awi\u0119k\u00f3w polega na:<\/p>\n<ul>\n<li>Dzia\u0142aniu przeciwb\u00f3lowym<\/li>\n<\/ul>\n<ul>\n<li>Zmniejszeniu napi\u0119\u0107 mi\u0119\u015bni<\/li>\n<\/ul>\n<ul>\n<li>Powstawaniu zwi\u0105zk\u00f3w aktywnych biologicznie<\/li>\n<\/ul>\n<ul>\n<li>Wp\u0142yw na enzymy ustrojowe<\/li>\n<\/ul>\n<ul>\n<li>Rozszerzeniu naczy\u0144 krwiono\u015bnych<\/li>\n<\/ul>\n<ul>\n<li>Hamowaniu uk\u0142adu wsp\u00f3\u0142czulnego<\/li>\n<\/ul>\n<ul>\n<li>Hamowaniu proces\u00f3w zapalnych<\/li>\n<\/ul>\n<ul>\n<li>Przyspieszeniu wch\u0142aniania tkankowego<\/li>\n<\/ul>\n<ul>\n<li>Wyzwalaniu substancji histamino podobnych<\/li>\n<\/ul>\n<div><\/div>\n<hr \/>\n<p>&nbsp;<\/p>\n<p><strong>Krioterapia<\/strong><\/p>\n<p><img decoding=\"async\" loading=\"lazy\" class=\"alignnone size-full wp-image-396\" src=\"https:\/\/lecznica.gdynia.pl\/wp-content\/uploads\/2015\/02\/Krioterapia.jpg\" alt=\"Krioterapia\" width=\"150\" height=\"150\" srcset=\"https:\/\/lecznica.gdynia.pl\/wp-content\/uploads\/2015\/02\/Krioterapia.jpg 150w, https:\/\/lecznica.gdynia.pl\/wp-content\/uploads\/2015\/02\/Krioterapia-50x50.jpg 50w\" sizes=\"(max-width: 150px) 100vw, 150px\" \/><\/p>\n<p>&nbsp;<\/p>\n<p><strong>Poprawia stan kliniczny i funkcjonalny pacjent\u00f3w, dzi\u0119ki czemu mo\u017ce skraca\u0107 si\u0119 czas ich rehabilitacji.<\/strong><\/p>\n<p>Krioterapi\u0119 mo\u017cna stosowa\u0107 m. in. w takich przypadkach jak:<\/p>\n<ul>\n<li>Zapalenie staw\u00f3w ( reumatoidalne, m\u0142odzie\u0144cze, przewlek\u0142e, reaktywne, zesztywniaj\u0105ce zapalenie kr\u0119gos\u0142upa. )<\/li>\n<\/ul>\n<ul>\n<li>Przewlek\u0142e zapalenie kr\u0119gos\u0142upa szyjnego<\/li>\n<\/ul>\n<ul>\n<li>Zapalenie oko\u0142ostawowe ( \u015bci\u0119gien, torebki stawowej i mi\u0119\u015bni )<\/li>\n<\/ul>\n<ul>\n<li>Choroby reumatyczne tkanek mi\u0119\u015bni<\/li>\n<\/ul>\n<ul>\n<li>Zwichni\u0119cie i skr\u0119cenie urazowe staw\u00f3w<\/li>\n<\/ul>\n<ul>\n<li>Uszkodzenie \u0142\u0119kotki<\/li>\n<\/ul>\n<ul>\n<li>Naderwanie \u015bci\u0119gien i mi\u0119\u015bni<\/li>\n<\/ul>\n<ul>\n<li>Zwalczanie przewlek\u0142ego i patologicznego b\u00f3lu<\/li>\n<\/ul>\n<ul>\n<li>Zwalczanie odruchowej i o\u015brodkowej spastyczno\u015bci mi\u0119\u015bni w procesie rehabilitacji neurologicznej<\/li>\n<\/ul>\n<ul>\n<li>Urazy sportowe i pooperacyjne<\/li>\n<\/ul>\n<hr \/>\n<p><strong>Diamat<\/strong><\/p>\n","protected":false},"excerpt":{"rendered":"<p>Pole Magnetyczne &nbsp; Magnetoterapia to skuteczna metoda leczenia pulsuj\u0105cym polem magnetycznym niskiej cz\u0119stotliwo\u015bci, znalaz\u0142a ju\u017c zastosowanie w kilkunastu dzia\u0142ach medycyny, m.in. w ortopedii, reumatologii oraz chorobach wewn\u0119trznych. W przeciwie\u0144stwie do metod konwencjonalnych fizykoterapii, umo\u017cliwia ona g\u0142\u0119bokie, a nie wy\u0142\u0105cznie powierzchniowe oddzia\u0142ywanie na organizm.\u00a0 Terapia polem magnetycznym jest bezpieczna i mo\u017ce \u2026<\/p>\n<p class=\"continue-reading-button\"> <a class=\"continue-reading-link\" href=\"https:\/\/lecznica.gdynia.pl\/?page_id=58\">Czytaj dalej<i class=\"crycon-right-dir\"><\/i><\/a><\/p>\n","protected":false},"author":1,"featured_media":0,"parent":30,"menu_order":0,"comment_status":"closed","ping_status":"closed","template":"","meta":{"ngg_post_thumbnail":0,"footnotes":""},"_links":{"self":[{"href":"https:\/\/lecznica.gdynia.pl\/index.php?rest_route=\/wp\/v2\/pages\/58"}],"collection":[{"href":"https:\/\/lecznica.gdynia.pl\/index.php?rest_route=\/wp\/v2\/pages"}],"about":[{"href":"https:\/\/lecznica.gdynia.pl\/index.php?rest_route=\/wp\/v2\/types\/page"}],"author":[{"embeddable":true,"href":"https:\/\/lecznica.gdynia.pl\/index.php?rest_route=\/wp\/v2\/users\/1"}],"replies":[{"embeddable":true,"href":"https:\/\/lecznica.gdynia.pl\/index.php?rest_route=%2Fwp%2Fv2%2Fcomments&post=58"}],"version-history":[{"count":7,"href":"https:\/\/lecznica.gdynia.pl\/index.php?rest_route=\/wp\/v2\/pages\/58\/revisions"}],"predecessor-version":[{"id":401,"href":"https:\/\/lecznica.gdynia.pl\/index.php?rest_route=\/wp\/v2\/pages\/58\/revisions\/401"}],"up":[{"embeddable":true,"href":"https:\/\/lecznica.gdynia.pl\/index.php?rest_route=\/wp\/v2\/pages\/30"}],"wp:attachment":[{"href":"https:\/\/lecznica.gdynia.pl\/index.php?rest_route=%2Fwp%2Fv2%2Fmedia&parent=58"}],"curies":[{"name":"wp","href":"https:\/\/api.w.org\/{rel}","templated":true}]}}