{"id":48,"date":"2015-02-28T14:09:53","date_gmt":"2015-02-28T13:09:53","guid":{"rendered":"http:\/\/lecznica.gdynia.pl\/?page_id=48"},"modified":"2015-03-01T17:12:51","modified_gmt":"2015-03-01T16:12:51","slug":"chirurgia","status":"publish","type":"page","link":"https:\/\/lecznica.gdynia.pl\/?page_id=48","title":{"rendered":"Chirurgia"},"content":{"rendered":"<p><img decoding=\"async\" loading=\"lazy\" class=\"aligncenter size-full wp-image-310\" src=\"https:\/\/lecznica.gdynia.pl\/wp-content\/uploads\/2015\/02\/Chirurgia_Baner.jpg\" alt=\"Chirurgia_Baner\" width=\"748\" height=\"179\" srcset=\"https:\/\/lecznica.gdynia.pl\/wp-content\/uploads\/2015\/02\/Chirurgia_Baner.jpg 748w, https:\/\/lecznica.gdynia.pl\/wp-content\/uploads\/2015\/02\/Chirurgia_Baner-300x72.jpg 300w, https:\/\/lecznica.gdynia.pl\/wp-content\/uploads\/2015\/02\/Chirurgia_Baner-150x36.jpg 150w\" sizes=\"(max-width: 748px) 100vw, 748px\" \/><\/p>\n<p><strong>Zakres us\u0142ug obejmuje:<\/strong><\/p>\n<ul>\n<li>Szycie ran<\/li>\n<li>Sterylizacj\u0119 i kastracj\u0119<\/li>\n<li>Zabiegi ropomacicza<\/li>\n<li>Zabiegi w obr\u0119bie jamy brzusznej &#8211; usuwania cia\u0142 obcych, guz\u00f3w<\/li>\n<li>Skr\u0119ty \u017co\u0142\u0105dka<\/li>\n<li>Usuwanie guz\u00f3w listwy mlecznej<\/li>\n<li>Zabiegi chirurgiczne u gryzoni<\/li>\n<li>Chirurgi\u0119 p\u0119cherza moczowego i cewki moczowej u suk i samc\u00f3w<\/li>\n<li>Stabilizacj\u0119 z\u0142ama\u0144<\/li>\n<li>Zabiegi kostne<\/li>\n<li>Usuwanie guz\u00f3w i zmian nowotworowych<\/li>\n<li>Zabiegi okulistyczne<\/li>\n<li>Korekty przepuklin<\/li>\n<li>NOWO\u015a\u0106!!!!!! Kriochirurgia<\/li>\n<\/ul>\n","protected":false},"excerpt":{"rendered":"<p>Zakres us\u0142ug obejmuje: Szycie ran Sterylizacj\u0119 i kastracj\u0119 Zabiegi ropomacicza Zabiegi w obr\u0119bie jamy brzusznej &#8211; usuwania cia\u0142 obcych, guz\u00f3w Skr\u0119ty \u017co\u0142\u0105dka Usuwanie guz\u00f3w listwy mlecznej Zabiegi chirurgiczne u gryzoni Chirurgi\u0119 p\u0119cherza moczowego i cewki moczowej u suk i samc\u00f3w Stabilizacj\u0119 z\u0142ama\u0144 Zabiegi kostne Usuwanie guz\u00f3w i zmian nowotworowych Zabiegi \u2026<\/p>\n<p class=\"continue-reading-button\"> <a class=\"continue-reading-link\" href=\"https:\/\/lecznica.gdynia.pl\/?page_id=48\">Czytaj dalej<i class=\"crycon-right-dir\"><\/i><\/a><\/p>\n","protected":false},"author":1,"featured_media":0,"parent":30,"menu_order":0,"comment_status":"closed","ping_status":"closed","template":"","meta":{"ngg_post_thumbnail":0,"footnotes":""},"_links":{"self":[{"href":"https:\/\/lecznica.gdynia.pl\/index.php?rest_route=\/wp\/v2\/pages\/48"}],"collection":[{"href":"https:\/\/lecznica.gdynia.pl\/index.php?rest_route=\/wp\/v2\/pages"}],"about":[{"href":"https:\/\/lecznica.gdynia.pl\/index.php?rest_route=\/wp\/v2\/types\/page"}],"author":[{"embeddable":true,"href":"https:\/\/lecznica.gdynia.pl\/index.php?rest_route=\/wp\/v2\/users\/1"}],"replies":[{"embeddable":true,"href":"https:\/\/lecznica.gdynia.pl\/index.php?rest_route=%2Fwp%2Fv2%2Fcomments&post=48"}],"version-history":[{"count":3,"href":"https:\/\/lecznica.gdynia.pl\/index.php?rest_route=\/wp\/v2\/pages\/48\/revisions"}],"predecessor-version":[{"id":388,"href":"https:\/\/lecznica.gdynia.pl\/index.php?rest_route=\/wp\/v2\/pages\/48\/revisions\/388"}],"up":[{"embeddable":true,"href":"https:\/\/lecznica.gdynia.pl\/index.php?rest_route=\/wp\/v2\/pages\/30"}],"wp:attachment":[{"href":"https:\/\/lecznica.gdynia.pl\/index.php?rest_route=%2Fwp%2Fv2%2Fmedia&parent=48"}],"curies":[{"name":"wp","href":"https:\/\/api.w.org\/{rel}","templated":true}]}}