{"id":46,"date":"2015-02-28T14:09:04","date_gmt":"2015-02-28T13:09:04","guid":{"rendered":"http:\/\/lecznica.gdynia.pl\/?page_id=46"},"modified":"2015-03-01T17:11:26","modified_gmt":"2015-03-01T16:11:26","slug":"ambulatorium","status":"publish","type":"page","link":"https:\/\/lecznica.gdynia.pl\/?page_id=46","title":{"rendered":"Ambulatorium"},"content":{"rendered":"<p><img decoding=\"async\" loading=\"lazy\" class=\"aligncenter size-full wp-image-309\" src=\"https:\/\/lecznica.gdynia.pl\/wp-content\/uploads\/2015\/02\/Ambulatorium_Baner.jpg\" alt=\"Ambulatorium_Baner\" width=\"748\" height=\"179\" srcset=\"https:\/\/lecznica.gdynia.pl\/wp-content\/uploads\/2015\/02\/Ambulatorium_Baner.jpg 748w, https:\/\/lecznica.gdynia.pl\/wp-content\/uploads\/2015\/02\/Ambulatorium_Baner-300x72.jpg 300w, https:\/\/lecznica.gdynia.pl\/wp-content\/uploads\/2015\/02\/Ambulatorium_Baner-150x36.jpg 150w\" sizes=\"(max-width: 748px) 100vw, 748px\" \/><\/p>\n<p><strong>\u2022\u00a0INTERNA<\/strong><\/p>\n<p>&#8211;\u00a0Profilaktyka chor\u00f3b zaka\u017anych &#8211; szczepienia okresowe<\/p>\n<p>&#8211; Profilaktyka chor\u00f3b paso\u017cytniczych &#8211; odrobaczanie, ektopaso\u017cyty<\/p>\n<p>&#8211; Czipowanie, wystawianie paszport\u00f3w<\/p>\n<p>&#8211; Diagnozowanie cukrzycy, chor\u00f3b w\u0105troby, chor\u00f3b nerek<\/p>\n<p>&#8211; Diagnozowanie chor\u00f3b uk\u0142adu nerwowego &#8211; padaczka, udary<\/p>\n<p>&#8211; Leczenie alergii<\/p>\n<p>&#8211; Diagnostyka chor\u00f3b odkleszczowych<\/p>\n<p>&#8211; Choroby przewodu pokarmowego &#8211; biegunki, cia\u0142a obce, zatrucia pokarmowe<\/p>\n<p>&#8211; Choroby gryzoni &#8211; diagnostyka i leczenie<\/p>\n<p>&nbsp;<\/p>\n<p><strong>\u2022\u00a0DERMATOLOGIA<\/strong><\/p>\n<p>&#8211;\u00a0Badanie w\u0142osa, badanie zeskrobin<\/p>\n<p>&#8211; Leczenie grzybic, atopii, chor\u00f3b paso\u017cytniczych sk\u00f3ry &#8211; \u015bwierzb, nu\u017cyca<\/p>\n<p>&#8211; AZS<\/p>\n<p>&#8211;\u00a0Profilaktyka chor\u00f3b sk\u00f3ry<\/p>\n<p>&nbsp;<\/p>\n<p><strong>\u2022\u00a0UROLOGIA<\/strong><\/p>\n<p>&#8211;\u00a0Diagnostyka chor\u00f3b nerek, p\u0119cherza moczowego<\/p>\n<p>&#8211; Udra\u017cnianie cewki moczowej<\/p>\n<p>&#8211; Leczenie kamicy p\u0119cherza moczowego<\/p>\n<p>&#8211; Leczenie syndromu urologicznego u kot\u00f3w<\/p>\n<p>&nbsp;<\/p>\n<p><strong>\u2022\u00a0OKULISTYKA<\/strong><\/p>\n<p>&#8211; Diagnostyka za\u0107my<\/p>\n<p>&#8211; Leczenie uszkodze\u0144 ga\u0142ki ocznej<\/p>\n<p>&#8211; Korekta 3-ciej powieki<\/p>\n<p>&#8211; Udra\u017cnianie przewod\u00f3w nosowo-\u0142zowych<\/p>\n<p>&#8211; Repozycja ga\u0142ki ocznej<\/p>\n<p>&#8211; Entropium<\/p>\n","protected":false},"excerpt":{"rendered":"<p>\u2022\u00a0INTERNA &#8211;\u00a0Profilaktyka chor\u00f3b zaka\u017anych &#8211; szczepienia okresowe &#8211; Profilaktyka chor\u00f3b paso\u017cytniczych &#8211; odrobaczanie, ektopaso\u017cyty &#8211; Czipowanie, wystawianie paszport\u00f3w &#8211; Diagnozowanie cukrzycy, chor\u00f3b w\u0105troby, chor\u00f3b nerek &#8211; Diagnozowanie chor\u00f3b uk\u0142adu nerwowego &#8211; padaczka, udary &#8211; Leczenie alergii &#8211; Diagnostyka chor\u00f3b odkleszczowych &#8211; Choroby przewodu pokarmowego &#8211; biegunki, cia\u0142a obce, zatrucia pokarmowe \u2026<\/p>\n<p class=\"continue-reading-button\"> <a class=\"continue-reading-link\" href=\"https:\/\/lecznica.gdynia.pl\/?page_id=46\">Czytaj dalej<i class=\"crycon-right-dir\"><\/i><\/a><\/p>\n","protected":false},"author":1,"featured_media":0,"parent":30,"menu_order":0,"comment_status":"closed","ping_status":"closed","template":"","meta":{"ngg_post_thumbnail":0,"footnotes":""},"_links":{"self":[{"href":"https:\/\/lecznica.gdynia.pl\/index.php?rest_route=\/wp\/v2\/pages\/46"}],"collection":[{"href":"https:\/\/lecznica.gdynia.pl\/index.php?rest_route=\/wp\/v2\/pages"}],"about":[{"href":"https:\/\/lecznica.gdynia.pl\/index.php?rest_route=\/wp\/v2\/types\/page"}],"author":[{"embeddable":true,"href":"https:\/\/lecznica.gdynia.pl\/index.php?rest_route=\/wp\/v2\/users\/1"}],"replies":[{"embeddable":true,"href":"https:\/\/lecznica.gdynia.pl\/index.php?rest_route=%2Fwp%2Fv2%2Fcomments&post=46"}],"version-history":[{"count":2,"href":"https:\/\/lecznica.gdynia.pl\/index.php?rest_route=\/wp\/v2\/pages\/46\/revisions"}],"predecessor-version":[{"id":386,"href":"https:\/\/lecznica.gdynia.pl\/index.php?rest_route=\/wp\/v2\/pages\/46\/revisions\/386"}],"up":[{"embeddable":true,"href":"https:\/\/lecznica.gdynia.pl\/index.php?rest_route=\/wp\/v2\/pages\/30"}],"wp:attachment":[{"href":"https:\/\/lecznica.gdynia.pl\/index.php?rest_route=%2Fwp%2Fv2%2Fmedia&parent=46"}],"curies":[{"name":"wp","href":"https:\/\/api.w.org\/{rel}","templated":true}]}}