{"id":44,"date":"2015-02-28T14:08:49","date_gmt":"2015-02-28T13:08:49","guid":{"rendered":"http:\/\/lecznica.gdynia.pl\/?page_id=44"},"modified":"2015-03-01T17:13:35","modified_gmt":"2015-03-01T16:13:35","slug":"diagnostyka","status":"publish","type":"page","link":"https:\/\/lecznica.gdynia.pl\/?page_id=44","title":{"rendered":"Diagnostyka"},"content":{"rendered":"<p><img decoding=\"async\" loading=\"lazy\" class=\"aligncenter size-full wp-image-311\" src=\"https:\/\/lecznica.gdynia.pl\/wp-content\/uploads\/2015\/02\/Diagnostyka_Baner.jpg\" alt=\"Diagnostyka_Baner\" width=\"748\" height=\"179\" srcset=\"https:\/\/lecznica.gdynia.pl\/wp-content\/uploads\/2015\/02\/Diagnostyka_Baner.jpg 748w, https:\/\/lecznica.gdynia.pl\/wp-content\/uploads\/2015\/02\/Diagnostyka_Baner-300x72.jpg 300w, https:\/\/lecznica.gdynia.pl\/wp-content\/uploads\/2015\/02\/Diagnostyka_Baner-150x36.jpg 150w\" sizes=\"(max-width: 748px) 100vw, 748px\" \/><\/p>\n<p>&#8211; USG<\/p>\n<p>&#8211; RTG:<\/p>\n<ul>\n<li>ko\u015bci<\/li>\n<li>tkanek mi\u0119kkich (p\u0142uca, jama brzuszna)<\/li>\n<li>w kierunku dysplazji<\/li>\n<li>badanie kontrastowe przewodu pokarmowego<\/li>\n<li>uk\u0142adu moczowego<\/li>\n<\/ul>\n<p>&#8211; EKG<\/p>\n<p>&#8211; Badanie krwi przed planowanymi zabiegami<\/p>\n<p>&#8211; Choroby zaka\u017ane ( FIV, FeLv )<\/p>\n<p>&#8211; Szeroka diagnostyka &#8211; wsp\u00f3\u0142praca z wiod\u0105cymi laboratoriami weterynaryjnymi<\/p>\n<p>&#8211; Badanie ka\u0142u ( parazytologiczne, enzymy trawienne )<\/p>\n<p>&#8211; Badanie moczu<\/p>\n<p>&#8211; Badanie histopatologiczne<\/p>\n","protected":false},"excerpt":{"rendered":"<p>&#8211; USG &#8211; RTG: ko\u015bci tkanek mi\u0119kkich (p\u0142uca, jama brzuszna) w kierunku dysplazji badanie kontrastowe przewodu pokarmowego uk\u0142adu moczowego &#8211; EKG &#8211; Badanie krwi przed planowanymi zabiegami &#8211; Choroby zaka\u017ane ( FIV, FeLv ) &#8211; Szeroka diagnostyka &#8211; wsp\u00f3\u0142praca z wiod\u0105cymi laboratoriami weterynaryjnymi &#8211; Badanie ka\u0142u ( parazytologiczne, enzymy trawienne \u2026<\/p>\n<p class=\"continue-reading-button\"> <a class=\"continue-reading-link\" href=\"https:\/\/lecznica.gdynia.pl\/?page_id=44\">Czytaj dalej<i class=\"crycon-right-dir\"><\/i><\/a><\/p>\n","protected":false},"author":1,"featured_media":0,"parent":30,"menu_order":0,"comment_status":"closed","ping_status":"closed","template":"","meta":{"ngg_post_thumbnail":0,"footnotes":""},"_links":{"self":[{"href":"https:\/\/lecznica.gdynia.pl\/index.php?rest_route=\/wp\/v2\/pages\/44"}],"collection":[{"href":"https:\/\/lecznica.gdynia.pl\/index.php?rest_route=\/wp\/v2\/pages"}],"about":[{"href":"https:\/\/lecznica.gdynia.pl\/index.php?rest_route=\/wp\/v2\/types\/page"}],"author":[{"embeddable":true,"href":"https:\/\/lecznica.gdynia.pl\/index.php?rest_route=\/wp\/v2\/users\/1"}],"replies":[{"embeddable":true,"href":"https:\/\/lecznica.gdynia.pl\/index.php?rest_route=%2Fwp%2Fv2%2Fcomments&post=44"}],"version-history":[{"count":2,"href":"https:\/\/lecznica.gdynia.pl\/index.php?rest_route=\/wp\/v2\/pages\/44\/revisions"}],"predecessor-version":[{"id":389,"href":"https:\/\/lecznica.gdynia.pl\/index.php?rest_route=\/wp\/v2\/pages\/44\/revisions\/389"}],"up":[{"embeddable":true,"href":"https:\/\/lecznica.gdynia.pl\/index.php?rest_route=\/wp\/v2\/pages\/30"}],"wp:attachment":[{"href":"https:\/\/lecznica.gdynia.pl\/index.php?rest_route=%2Fwp%2Fv2%2Fmedia&parent=44"}],"curies":[{"name":"wp","href":"https:\/\/api.w.org\/{rel}","templated":true}]}}